/(1/(-2)) a composite number?
False
Let j(t) = t**3 - 12*t**2 - 11*t + 17. Is j(13) a composite number?
False
Let s = -15 - -18. Suppose 4*t = s*t + 309. Is t a composite number?
True
Suppose 0 = 3*q - 4*s + 8*s - 593, 4*q + 4*s = 792. Is q prime?
True
Let t(u) = -7*u + 1. Is t(-10) a composite number?
False
Let w = -152 - -231. Is w a composite number?
False
Let a(p) = 3*p**3 + 2*p**2 - 3*p - 3. Is a(4) a composite number?
True
Suppose 0 = -5*o + 744 + 61. Is o a prime number?
False
Let c be 2/(-3) - 6/(-9). Let l(t) = -4*t + 31 + 3*t + 0*t. Is l(c) a composite number?
False
Let v be (3 + -4)/((-1)/(-180)). Let t be v/7 + (-2)/7. Is (t + 2)/(-2) + -2 a prime number?
False
Suppose 0 = 3*a - 12, -3*m = -a + 15 - 2. Let o be m/12 - 26/(-8). Suppose -137 = -3*j - 5*z, 5*j + o*z + 5 = 244. Is j prime?
False
Let o(r) = 6*r**3. Let l be o(1). Suppose 0 = -4*v + 273 + 171. Is ((-4)/l)/((-2)/v) composite?
False
Suppose 7*m - 3*m = -16. Let w = 1 - m. Suppose -y = -w*y + 136. Is y composite?
True
Suppose -2*p + 10 + 22 = 0. Suppose 844 = -12*o + p*o. Is o a composite number?
False
Suppose 0 = -5*n + s - 5, -3*n + s - 3 = -0. Is -3 - -101 - (4 + n) prime?
False
Suppose -10*n + 12*n + 76 = 0. Let z = 127 + n. Is z prime?
True
Suppose -t + 25 = 4*t. Suppose 43 = t*f - 32. Is f composite?
True
Let q(t) = t**2 - 11*t + 10. Is q(11) prime?
False
Let u(a) = 2*a**2 + 18*a + 27. Is u(-13) a composite number?
False
Let p be (1*-1)/(2/(-4)). Suppose p*c - 381 = c. Is c composite?
True
Let l be 2*(26*7 - 0). Let g = -237 + l. Is g prime?
True
Let t be (-1)/(((-12)/(-15))/(-4)). Suppose 0*w - t*w = -935. Is w a prime number?
False
Let b(a) = a + 10. Let i be b(12). Is (-4)/(-22) - (-1074)/i prime?
False
Suppose 0*a + a + 2493 = 5*m, a = 2. Is m a composite number?
False
Suppose n + 124 = 24. Let a = n + 173. Let k = a + -36. Is k prime?
True
Suppose -f = 2*f - 15. Suppose f*b = b + 12. Suppose b*s - 2*s = 3*y + 37, s = y + 45. Is s prime?
False
Suppose -5*s + 0 = -3*z + 5, -3*z = 3*s - 21. Let o be s/(-2 + 441/219). Let v = o + -81. Is v a prime number?
False
Let d = 5 + -1. Suppose -5*f - 2*m + 838 = -233, -1062 = -5*f + m. Suppose w + d*t - f = 0, -t = -4*w + 2*w + 417. Is w a prime number?
False
Suppose -320 = -h - 55. Is h prime?
False
Let u(f) = -f**2 - 7*f + 10. Let g be u(-8). Suppose c = -3*l - 2, g*c - 2 = 4*l + 4*c. Is (l + 4)*(-22)/(-3) a prime number?
False
Is (2/(-6))/(8/(-6024)) composite?
False
Suppose 0 = -2*v + 4*v - 4. Is 35 - (v - 2)/2 a prime number?
False
Let t(w) be the second derivative of 2*w + 1/2*w**3 + 0 + 1/12*w**4 - 3*w**2. Is t(-7) prime?
False
Let r = -2 + 7. Suppose 807 = r*i - n, -4*i + i + 3*n + 489 = 0. Is i prime?
False
Let m(c) = -c**2 + 2. Suppose -25 = -r - 4*r. Let t be m(r). Let a = t - -56. Is a a prime number?
False
Let k = 698 + -475. Is k composite?
False
Suppose -19920 = -9*g - 3927. Is g composite?
False
Suppose -t - 214 = -2*n + 1364, 3*n - 2373 = 3*t. Is n composite?
False
Suppose 4*k = 1 + 19. Suppose 5*l + 50 = -k*g, l + 2 = -l. Let u(t) = -t**2 - 12*t + 10. Is u(g) prime?
True
Let f be 6/9 - (-74)/6. Let c = 6 + f. Is c a prime number?
True
Let u(s) be the second derivative of s**5/60 - s**4/8 - s**3/2 - 3*s**2/2 - s. Let o(n) be the first derivative of u(n). Is o(-6) prime?
False
Let t(s) = 6*s - 7. Let a be t(-8). Suppose 5*i - 11 = 99. Let f = i - a. Is f composite?
True
Let p = 96 + -141. Is (-8737)/(-9) + (-10)/p a composite number?
False
Suppose -2*s + 3 = -3. Let j = 5 - s. Suppose -j*o = -0*o - 106. Is o a prime number?
True
Let b = -4 + 6. Let c be -1 - (-1*b - -15). Is 4/c + 624/28 a prime number?
False
Let b(k) = -4*k**3 + 3*k**2 + 13*k + 7. Is b(-5) a composite number?
True
Is (-7808)/(-24) + (-4)/(-6) composite?
True
Suppose 4*g = -6 - 2. Is 28 - g/((-6)/9) composite?
True
Let p be (-1101)/(-27) + (-6)/(-27). Suppose 0 = -4*o + 17 - p. Is (-231)/(-2)*(-4)/o prime?
False
Suppose -3*g + 132 = g. Let w be (-284)/(-4) + 6/(-2). Let d = w - g. Is d a composite number?
True
Is (-1404)/(-7) - 6/(-14) a prime number?
False
Let i(c) = -88*c. Let y be i(-1). Suppose y = 7*a - 87. Is a composite?
True
Suppose -3*d = -5*z + d - 186, -z - 3*d - 22 = 0. Let p be 10*(z/4 + 2). Is p/(-3) + (-10)/15 a prime number?
False
Let t = -3 + 4. Let k(a) = 82*a + 1. Is k(t) a prime number?
True
Suppose -2 = -5*q + 4*i + 8, 3*q - i = 6. Let o(x) = -3*x + 6*x + 13*x**q - 1 - 5*x. Is o(-1) a composite number?
True
Is -502*(-3 - 15/(-6)) a composite number?
False
Let s be (-1305)/(-25) + (-2)/10. Suppose 50 = 2*t - s. Is t prime?
False
Suppose -320 - 61 = -v - 2*b, 0 = 3*v - 4*b - 1133. Is v composite?
False
Suppose 7*x - 6 = 4*x. Is x*3/(-6)*-115 composite?
True
Let g(w) = 9*w + 1. Let z be g(7). Is 1/(-2)*-2 + z prime?
False
Let d be (91/3)/((-3)/(-9)). Let t(q) = q - 1. Let g be t(1). Suppose p + g*p = d. Is p a prime number?
False
Is 2/(-4)*-2*149 composite?
False
Suppose -3*r + 2*v - 15 = 0, 3*r = -0*r - 3*v. Is ((-114)/18)/(1/r) a prime number?
True
Let u be ((-3)/(-4))/(3/12). Suppose 5*n - 170 = -0*n. Let v = n - u. Is v composite?
False
Is 564/5 + (-6)/(-30) a prime number?
True
Suppose 3583 = -t + 13194. Is t a prime number?
False
Let p = 42 - 23. Is p a composite number?
False
Let q be (3 + -1)*26/4. Let m(f) = 4*f**2 - 16*f + 5. Is m(q) prime?
False
Suppose 5*f + 2*p = 6*p + 2024, 4*p = -2*f + 832. Let o = -247 + f. Is o composite?
True
Let o(q) = 1104*q - 1. Is o(1) a composite number?
False
Suppose 468 = 3*f + 177. Is f a prime number?
True
Suppose 2*t - 666 = 152. Is t composite?
False
Let n(z) = -5*z**3 - 4*z**2 - 9*z - 7. Is n(-6) a composite number?
False
Let l = -231 + 584. Is l a composite number?
False
Let n(a) = -1 + 3*a + 7*a - 2. Is n(7) composite?
False
Let z(c) = -441*c**3 - 2*c**2 - 2*c - 1. Let v be z(-1). Suppose 0 = -4*d - 3*w + v, -5*w + 436 = 4*d - w. Is d composite?
False
Let s = -10 + 14. Let k(l) = 3*l**3 - 4*l**2 - 4*l - 3. Is k(s) prime?
True
Let m(x) = x + 9. Let p be m(-7). Suppose -t + p*g = -21, -t - 65 = -4*t + 5*g. Is t composite?
True
Let h be -2 + (856/(-2))/(-2). Is 14/(((-8)/h)/(-1)) a prime number?
False
Suppose -3*u = o - 753, 502 = u + u - 4*o. Is u a composite number?
False
Suppose 0 = -2*d + 2513 + 1121. Is d composite?
True
Let z be (-2)/((-2)/3) + 1. Let n = 8 - z. Let f(s) = s**2 + 5. Is f(n) a composite number?
True
Let k(h) = -76*h**2 + 4*h + 7. Let n(d) = 5*d - 3. Let y be n(4). Let s(i) = 228*i**2 - 11*i - 20. Let f(z) = y*k(z) + 6*s(z). Is f(1) a composite number?
True
Let v(m) = -2*m**3 + 5*m**2 + m - 4. Let d = -8 + 5. Let p be v(d). Suppose 0 = -2*b + p + 42. Is b a prime number?
True
Let k be (8/(-16))/(2/(-92)). Suppose -5 - k = -2*p. Is p composite?
True
Suppose 4*w = -c + 1209, -w - 4*w - 3*c + 1520 = 0. Is w a composite number?
True
Let c(n) = 32*n - 7. Let v(d) = 48*d - 10. Let l = 10 + -17. Let q(f) = l*c(f) + 5*v(f). Is q(5) a prime number?
True
Let n(f) be the second derivative of f**5/20 - f**3/6 + 67*f**2/2 + 2*f. Is n(0) a prime number?
True
Let q = -137 + 82. Let l = 227 + q. Suppose 2*f = 6*f - l. Is f prime?
True
Let a(z) = z + 3. Let o be 1/(-2)*(-1 + 1). Let d be a(o). Suppose d*r + 5*w = 65, 0*w = -3*r - 3*w + 57. Is r prime?
False
Is (1346/6)/((-5)/3 + 2) a composite number?
False
Suppose -10*o + 1119 = -7*o. Is o composite?
False
Suppose -11*w - 2692 = -15*w. Is w composite?
False
Let g = 47 + 76. Let f be (-48)/3*g/(-6). Suppose -5*n - 5*a + f = -27, -5*n + a + 331 = 0. Is n a prime number?
True
Let w(t) = -3*t + 3 + 0*t**2 - t - 5*t**2. Let g be w(3). Let s = 37 - g. Is s composite?
True
Is ((-5)/2)/(6/(-228)) composite?
True
Suppose -260 = -5*k + 5*d, 57 - 17 = k - 4*d. Let w = k - 37. Is w a prime number?
True
Suppose -3*d - 5*d + 1640 = 0. Is d composite?
True
Suppose -50 + 305 = 5*q. Is q prime?
False
Suppose -153 + 1168 = 7*j. Is j a composite number?
True
Let l(u) = -u - 1. Let q be l(-3). Let a be 35 - (0 + q)/2. Suppose a = 2*k - 36. Is k a composite number?
True
Let y be 1/2 + (-35)/(-14). Is 0 + (1 - -355) + y a prime number?
True
Let q(n) = -n**3 - 3*n**2 + 2*n + 2. Let g be q(-2). Let h = g - -43. Is h composite?
False
Suppose 0 = -2*s + 38 + 96. Is s prime?
True
Suppose 2*a - 1106 = -0*a. Is a prime?
False
Suppose 5*s = -a + 313,